{"id":1446,"date":"2025-03-10T11:37:29","date_gmt":"2025-03-10T11:37:29","guid":{"rendered":"https:\/\/labdeletras.com\/terminos-y-condiciones\/"},"modified":"2025-05-22T14:43:33","modified_gmt":"2025-05-22T14:43:33","slug":"terminos-y-condiciones","status":"publish","type":"page","link":"https:\/\/labdeletras.com\/en\/terminos-y-condiciones\/","title":{"rendered":"Terms &amp; Conditions"},"content":{"rendered":"<div class=\"wp-block-uagb-container top-header uagb-block-830348dd alignfull uagb-is-root-container\"><div class=\"uagb-container-inner-blocks-wrap\">\n<h1 class=\"wp-block-heading has-text-align-center\">Terms &amp; Conditions<\/h1>\n<\/div><\/div>\n\n\n\n<p>La organizaci\u00f3n LABORATORIO DE LETRAS, del municipio de Bel\u00e9n de Umbr\u00eda, Risaralda, Colombia, tiene el gusto de invitar a la comunidad del municipio de Bel\u00e9n de Umbr\u00eda a participar en el primer Concurso de cuento \u201cCAMALE\u00d3N TRANSPARENTE\u201d 2025.<\/p>\n\n\n\n<div class=\"wp-block-uagb-advanced-heading uagb-block-d401d3b9\"><h2 class=\"uagb-heading-text\">Bases del Concurso<\/h2><\/div>\n\n\n\n<ol class=\"wp-block-list\">\n<li style=\"padding-right:var(--wp--preset--spacing--30);padding-left:var(--wp--preset--spacing--30)\">Podr\u00e1n participar \u00fanicamente todos los hijos y habitantes del municipio de Bel\u00e9n de Umbr\u00eda, Risaralda, Colombia.<\/li>\n\n\n\n<li style=\"padding-right:var(--wp--preset--spacing--30);padding-left:var(--wp--preset--spacing--30)\" class=\"translation-block\">La inscripci\u00f3n se realizar\u00e1 \u00fanicamente a trav\u00e9s del formulario en el siguiente enlace: <a href=\"https:\/\/labdeletras.com\/en\/concurso\/\" data-type=\"page\" data-id=\"1320\" target=\"_self\">labdeletras.com\/concurso<\/a><br>El formulario de inscripci\u00f3n deber\u00e1 contener los datos personales y de la obra y el original se adjuntar\u00e1 en un documento Word o PDF.<\/li>\n\n\n\n<li style=\"padding-right:var(--wp--preset--spacing--30);padding-left:var(--wp--preset--spacing--30)\">El inicio de la primera p\u00e1gina deber\u00e1 contener el t\u00edtulo de la obra y el seud\u00f3nimo del autor. Nunca deber\u00e1 constar el nombre o ning\u00fan otro dato de car\u00e1cter personal en el documento original, para ello se anexar\u00e1 documento aparte.<\/li>\n\n\n\n<li style=\"padding-right:var(--wp--preset--spacing--30);padding-left:var(--wp--preset--spacing--30)\">Cada participante podr\u00e1 presentar al concurso un cuento (de 700 a 1000 palabras) escrito en castellano.<\/li>\n\n\n\n<li style=\"padding-right:var(--wp--preset--spacing--30);padding-left:var(--wp--preset--spacing--30)\">El tema ser\u00e1 libre.<\/li>\n\n\n\n<li style=\"padding-right:var(--wp--preset--spacing--30);padding-left:var(--wp--preset--spacing--30)\">Se descartar\u00e1n autom\u00e1ticamente aquellas inscripciones con datos err\u00f3neos o incompletos, as\u00ed como los cuentos que contengan faltas de ortograf\u00eda o hayan sido escritos con la ayuda de inteligencia artificial (IA). Se descartar\u00e1n igualmente todos los cuentos que no sean originales.<\/li>\n\n\n\n<li style=\"padding-right:var(--wp--preset--spacing--30);padding-left:var(--wp--preset--spacing--30)\">No se aceptar\u00e1n modificaciones de los datos o de las obras una vez presentadas.<\/li>\n\n\n\n<li style=\"padding-right:var(--wp--preset--spacing--30);padding-left:var(--wp--preset--spacing--30)\">El plazo de admisi\u00f3n de originales ser\u00e1 del miercoles 12 de marzo de 2025 hasta el vienes 18 de abril de 2025 a las 11:59 pm.<\/li>\n\n\n\n<li style=\"padding-right:var(--wp--preset--spacing--30);padding-left:var(--wp--preset--spacing--30)\">El fallo del jurado ser\u00e1 inapelable y se har\u00e1 p\u00fablico durante la entrega de los premios. Los orgaizadores de este certamen se pondr\u00e1n en contacto previamente con los interesados de manera individual para comunicar la premiaci\u00f3n. Si el premiado no puede acudir, podr\u00e1 designar a un representante que asista en su lugar.<\/li>\n\n\n\n<li style=\"padding-right:var(--wp--preset--spacing--30);padding-left:var(--wp--preset--spacing--30)\">Los premiados ceden, sin exclusividad, la divulgaci\u00f3n y explotaci\u00f3n de la obra premiada a la organizaci\u00f3n LABORATORIO DE LETRAS durante el per\u00edodo de seis meses, desde el otorgamiento del premio con car\u00e1cter gratuito. Por ello, el autor faculta a la organizaci\u00f3n LABORATORIO DE LETRAS para utilizar la obra en los t\u00e9rminos referidos. Asimismo, pasado dicho plazo de tiempo, podr\u00e1n publicar y difundir, por cualquier medio, los trabajos premiados.<\/li>\n\n\n\n<li style=\"padding-right:var(--wp--preset--spacing--30);padding-left:var(--wp--preset--spacing--30)\">Los premiados, a su vez, deber\u00e1n tener la autorizaci\u00f3n de la organizaci\u00f3n LABORATORIO DE LETRAS, para llevar a cabo cualquier acci\u00f3n que involucre los textos premiados durante un a\u00f1o a partir de la fecha de la premiaci\u00f3n, as\u00ed como para publicar o difundir las im\u00e1genes del acto de entrega de los premios. Adem\u00e1s, los galardonados se comprometen a mencionar el concurso cada vez que publiquen el texto por s\u00ed mismos o a garantizarlo cuando autoricen que el texto sea publicado por otros medios.<\/li>\n\n\n\n<li style=\"padding-right:var(--wp--preset--spacing--30);padding-left:var(--wp--preset--spacing--30)\">La organizaci\u00f3n de este concurso y su jurado NO mantendr\u00e1n comunicaci\u00f3n alguna con los participantes respecto a sus textos ni ofrecer\u00e1n ninguna informaci\u00f3n que no sea el propio fallo recogido en el acto oficial de premiaci\u00f3n. <\/li>\n\n\n\n<li style=\"padding-right:var(--wp--preset--spacing--30);padding-left:var(--wp--preset--spacing--30)\">El jurado no podr\u00e1 declarar desierto el concurso.<\/li>\n\n\n\n<li style=\"padding-right:var(--wp--preset--spacing--30);padding-left:var(--wp--preset--spacing--30)\">La organizaci\u00f3n LABORATORIO DE LETRAS difunde sus actividades a trav\u00e9s de su p\u00e1gina web <a href=\"https:\/\/labdeletras.com\/en\/\" data-type=\"page\" data-id=\"10\">labdeletras.com<\/a><\/li>\n\n\n\n<li style=\"padding-right:var(--wp--preset--spacing--30);padding-left:var(--wp--preset--spacing--30)\">Con la finalidad de que puedan utilizarse fotograf\u00edas y videos para la difusi\u00f3n de sus actividades, el participante (en caso de menores de edad, deben autorizar los padres o el tutor) autoriza a que en su nombre, imagen y\/o voz puedan ser utilizados por la organizaci\u00f3n Laboratorio de Letras con fines publicitarios o de naturaleza an\u00e1loga, de acuerdo con lo dispuesto en la ley.<\/li>\n<\/ol>\n\n\n\n<div class=\"wp-block-uagb-advanced-heading uagb-block-816d17cf\"><h2 class=\"uagb-heading-text\">Prizes<\/h2><\/div>\n\n\n\n<ul class=\"wp-block-list\">\n<li style=\"padding-right:var(--wp--preset--spacing--30);padding-left:var(--wp--preset--spacing--30)\">Primer puesto: Tres millones de pesos y una placa.<\/li>\n\n\n\n<li style=\"padding-right:var(--wp--preset--spacing--30);padding-left:var(--wp--preset--spacing--30)\">Segundo puesto: Dos millones de pesos.<\/li>\n\n\n\n<li style=\"padding-right:var(--wp--preset--spacing--30);padding-left:var(--wp--preset--spacing--30)\">Tercer puesto: Un millon de pesos.<\/li>\n<\/ul>\n\n\n\n<div class=\"wp-block-uagb-advanced-heading uagb-block-e6c9955f\"><h2 class=\"uagb-heading-text\">Acto de Entrega de Premios<\/h2><\/div>\n\n\n\n<ul class=\"wp-block-list\">\n<li style=\"padding-right:var(--wp--preset--spacing--30);padding-left:var(--wp--preset--spacing--30)\">La ceremonia tendr\u00e1 lugar en el casco urbano del municipio de Bel\u00e9n de Umbr\u00eda, el d\u00eda 25 de abril 2025 a las 7:00 pm.<\/li>\n\n\n\n<li style=\"padding-right:var(--wp--preset--spacing--30);padding-left:var(--wp--preset--spacing--30)\">Lugar: <strong>Aula M\u00e1xima del Colegio Juan Hurtado<\/strong> (Atenci\u00f3n: NO ser\u00e1 en el teatro municipal como previamente mencionado)<\/li>\n\n\n\n<li style=\"padding-right:var(--wp--preset--spacing--30);padding-left:var(--wp--preset--spacing--30)\">El cuento galardonado se leer\u00e1n durante el acto de entrega de premios.<\/li>\n<\/ul>\n\n\n\n<div class=\"wp-block-uagb-advanced-heading uagb-block-5b0f6ee4\"><h2 class=\"uagb-heading-text\">Evaluaci\u00f3n de las obras literarias<\/h2><\/div>\n\n\n\n<p>A continuaci\u00f3n se proponen los criterios que orientar\u00e1n la evaluaci\u00f3n:<\/p>\n\n\n\n<ul class=\"wp-block-list\">\n<li>Nombre de la obra.<\/li>\n\n\n\n<li>Modalidad<\/li>\n\n\n\n<li>Configuracion de la obra<\/li>\n\n\n\n<li>T\u00e9cnica de la obra: Innovaci\u00f3n y riqueza del lenguaje.<\/li>\n\n\n\n<li>Calidad de la obra: dominio de la literacidad del lenguaje, coherencia del universo postulado.<\/li>\n\n\n\n<li>Labor intertextual, polifon\u00eda de la obra.<\/li>\n\n\n\n<li>Impacto social y cultural de la obra: completa y rigurosa en la presentacion (punto de vista l\u00f3gico y gramatical).<\/li>\n<\/ul>","protected":false},"excerpt":{"rendered":"<p>T\u00e9rminos y Condiciones La organizaci\u00f3n LABORATORIO DE LETRAS, del municipio de Bel\u00e9n de Umbr\u00eda, Risaralda, Colombia, tiene el gusto de invitar a la comunidad del municipio de Bel\u00e9n de Umbr\u00eda a participar en el primer Concurso de cuento \u201cCAMALE\u00d3N TRANSPARENTE\u201d 2025. Bases del Concurso Premios Acto de Entrega de Premios Evaluaci\u00f3n de las obras literarias [&hellip;]<\/p>\n","protected":false},"author":3,"featured_media":0,"parent":0,"menu_order":0,"comment_status":"closed","ping_status":"closed","template":"","meta":{"_acf_changed":false,"_uag_custom_page_level_css":"","site-sidebar-layout":"default","site-content-layout":"","ast-site-content-layout":"normal-width-container","site-content-style":"default","site-sidebar-style":"default","ast-global-header-display":"","ast-banner-title-visibility":"","ast-main-header-display":"","ast-hfb-above-header-display":"","ast-hfb-below-header-display":"","ast-hfb-mobile-header-display":"","site-post-title":"disabled","ast-breadcrumbs-content":"","ast-featured-img":"","footer-sml-layout":"","ast-disable-related-posts":"","theme-transparent-header-meta":"","adv-header-id-meta":"","stick-header-meta":"","header-above-stick-meta":"","header-main-stick-meta":"","header-below-stick-meta":"","astra-migrate-meta-layouts":"set","ast-page-background-enabled":"default","ast-page-background-meta":{"desktop":{"background-color":"","background-image":"","background-repeat":"repeat","background-position":"center center","background-size":"auto","background-attachment":"scroll","background-type":"","background-media":"","overlay-type":"","overlay-color":"","overlay-opacity":"","overlay-gradient":""},"tablet":{"background-color":"","background-image":"","background-repeat":"repeat","background-position":"center center","background-size":"auto","background-attachment":"scroll","background-type":"","background-media":"","overlay-type":"","overlay-color":"","overlay-opacity":"","overlay-gradient":""},"mobile":{"background-color":"","background-image":"","background-repeat":"repeat","background-position":"center center","background-size":"auto","background-attachment":"scroll","background-type":"","background-media":"","overlay-type":"","overlay-color":"","overlay-opacity":"","overlay-gradient":""}},"ast-content-background-meta":{"desktop":{"background-color":"var(--ast-global-color-5)","background-image":"","background-repeat":"repeat","background-position":"center center","background-size":"auto","background-attachment":"scroll","background-type":"","background-media":"","overlay-type":"","overlay-color":"","overlay-opacity":"","overlay-gradient":""},"tablet":{"background-color":"var(--ast-global-color-5)","background-image":"","background-repeat":"repeat","background-position":"center center","background-size":"auto","background-attachment":"scroll","background-type":"","background-media":"","overlay-type":"","overlay-color":"","overlay-opacity":"","overlay-gradient":""},"mobile":{"background-color":"var(--ast-global-color-5)","background-image":"","background-repeat":"repeat","background-position":"center center","background-size":"auto","background-attachment":"scroll","background-type":"","background-media":"","overlay-type":"","overlay-color":"","overlay-opacity":"","overlay-gradient":""}},"footnotes":""},"class_list":["post-1446","page","type-page","status-publish","hentry"],"acf":[],"uagb_featured_image_src":{"full":false,"thumbnail":false,"medium":false,"medium_large":false,"large":false,"1536x1536":false,"2048x2048":false,"trp-custom-language-flag":false},"uagb_author_info":{"display_name":"contacto@labdeletras.com","author_link":"https:\/\/labdeletras.com\/en\/author\/contactolabdeletras-com\/"},"uagb_comment_info":0,"uagb_excerpt":"T\u00e9rminos y Condiciones La organizaci\u00f3n LABORATORIO DE LETRAS, del municipio de Bel\u00e9n de Umbr\u00eda, Risaralda, Colombia, tiene el gusto de invitar a la comunidad del municipio de Bel\u00e9n de Umbr\u00eda a participar en el primer Concurso de cuento \u201cCAMALE\u00d3N TRANSPARENTE\u201d 2025. Bases del Concurso Premios Acto de Entrega de Premios Evaluaci\u00f3n de las obras literarias&hellip;","_links":{"self":[{"href":"https:\/\/labdeletras.com\/en\/wp-json\/wp\/v2\/pages\/1446","targetHints":{"allow":["GET"]}}],"collection":[{"href":"https:\/\/labdeletras.com\/en\/wp-json\/wp\/v2\/pages"}],"about":[{"href":"https:\/\/labdeletras.com\/en\/wp-json\/wp\/v2\/types\/page"}],"author":[{"embeddable":true,"href":"https:\/\/labdeletras.com\/en\/wp-json\/wp\/v2\/users\/3"}],"replies":[{"embeddable":true,"href":"https:\/\/labdeletras.com\/en\/wp-json\/wp\/v2\/comments?post=1446"}],"version-history":[{"count":12,"href":"https:\/\/labdeletras.com\/en\/wp-json\/wp\/v2\/pages\/1446\/revisions"}],"predecessor-version":[{"id":1982,"href":"https:\/\/labdeletras.com\/en\/wp-json\/wp\/v2\/pages\/1446\/revisions\/1982"}],"wp:attachment":[{"href":"https:\/\/labdeletras.com\/en\/wp-json\/wp\/v2\/media?parent=1446"}],"curies":[{"name":"wp","href":"https:\/\/api.w.org\/{rel}","templated":true}]}}

<div class="wp-block-uagb-container top-header uagb-block-830348dd alignfull uagb-is-root-container"><div class="uagb-container-inner-blocks-wrap">
<h1 class="wp-block-heading has-text-align-center">Terms &amp; Conditions</h1>
</div></div>



<p>La organización LABORATORIO DE LETRAS, del municipio de Belén de Umbría, Risaralda, Colombia, tiene el gusto de invitar a la comunidad del municipio de Belén de Umbría a participar en el primer Concurso de cuento “CAMALEÓN TRANSPARENTE” 2025.</p>



<div class="wp-block-uagb-advanced-heading uagb-block-d401d3b9"><h2 class="uagb-heading-text">Bases del Concurso</h2></div>



<ol class="wp-block-list">
<li style="padding-right:var(--wp--preset--spacing--30);padding-left:var(--wp--preset--spacing--30)">Podrán participar únicamente todos los hijos y habitantes del municipio de Belén de Umbría, Risaralda, Colombia.</li>



<li style="padding-right:var(--wp--preset--spacing--30);padding-left:var(--wp--preset--spacing--30)" class="translation-block">La inscripción se realizará únicamente a través del formulario en el siguiente enlace: <a href="https://labdeletras.com/en/concurso/" data-type="page" data-id="1320" target="_self">labdeletras.com/concurso</a><br>El formulario de inscripción deberá contener los datos personales y de la obra y el original se adjuntará en un documento Word o PDF.</li>



<li style="padding-right:var(--wp--preset--spacing--30);padding-left:var(--wp--preset--spacing--30)">El inicio de la primera página deberá contener el título de la obra y el seudónimo del autor. Nunca deberá constar el nombre o ningún otro dato de carácter personal en el documento original, para ello se anexará documento aparte.</li>



<li style="padding-right:var(--wp--preset--spacing--30);padding-left:var(--wp--preset--spacing--30)">Cada participante podrá presentar al concurso un cuento (de 700 a 1000 palabras) escrito en castellano.</li>



<li style="padding-right:var(--wp--preset--spacing--30);padding-left:var(--wp--preset--spacing--30)">El tema será libre.</li>



<li style="padding-right:var(--wp--preset--spacing--30);padding-left:var(--wp--preset--spacing--30)">Se descartarán automáticamente aquellas inscripciones con datos erróneos o incompletos, así como los cuentos que contengan faltas de ortografía o hayan sido escritos con la ayuda de inteligencia artificial (IA). Se descartarán igualmente todos los cuentos que no sean originales.</li>



<li style="padding-right:var(--wp--preset--spacing--30);padding-left:var(--wp--preset--spacing--30)">No se aceptarán modificaciones de los datos o de las obras una vez presentadas.</li>



<li style="padding-right:var(--wp--preset--spacing--30);padding-left:var(--wp--preset--spacing--30)">El plazo de admisión de originales será del miercoles 12 de marzo de 2025 hasta el vienes 18 de abril de 2025 a las 11:59 pm.</li>



<li style="padding-right:var(--wp--preset--spacing--30);padding-left:var(--wp--preset--spacing--30)">El fallo del jurado será inapelable y se hará público durante la entrega de los premios. Los orgaizadores de este certamen se pondrán en contacto previamente con los interesados de manera individual para comunicar la premiación. Si el premiado no puede acudir, podrá designar a un representante que asista en su lugar.</li>



<li style="padding-right:var(--wp--preset--spacing--30);padding-left:var(--wp--preset--spacing--30)">Los premiados ceden, sin exclusividad, la divulgación y explotación de la obra premiada a la organización LABORATORIO DE LETRAS durante el período de seis meses, desde el otorgamiento del premio con carácter gratuito. Por ello, el autor faculta a la organización LABORATORIO DE LETRAS para utilizar la obra en los términos referidos. Asimismo, pasado dicho plazo de tiempo, podrán publicar y difundir, por cualquier medio, los trabajos premiados.</li>



<li style="padding-right:var(--wp--preset--spacing--30);padding-left:var(--wp--preset--spacing--30)">Los premiados, a su vez, deberán tener la autorización de la organización LABORATORIO DE LETRAS, para llevar a cabo cualquier acción que involucre los textos premiados durante un año a partir de la fecha de la premiación, así como para publicar o difundir las imágenes del acto de entrega de los premios. Además, los galardonados se comprometen a mencionar el concurso cada vez que publiquen el texto por sí mismos o a garantizarlo cuando autoricen que el texto sea publicado por otros medios.</li>



<li style="padding-right:var(--wp--preset--spacing--30);padding-left:var(--wp--preset--spacing--30)">La organización de este concurso y su jurado NO mantendrán comunicación alguna con los participantes respecto a sus textos ni ofrecerán ninguna información que no sea el propio fallo recogido en el acto oficial de premiación. </li>



<li style="padding-right:var(--wp--preset--spacing--30);padding-left:var(--wp--preset--spacing--30)">El jurado no podrá declarar desierto el concurso.</li>



<li style="padding-right:var(--wp--preset--spacing--30);padding-left:var(--wp--preset--spacing--30)">La organización LABORATORIO DE LETRAS difunde sus actividades a través de su página web <a href="https://labdeletras.com/en/" data-type="page" data-id="10">labdeletras.com</a></li>



<li style="padding-right:var(--wp--preset--spacing--30);padding-left:var(--wp--preset--spacing--30)">Con la finalidad de que puedan utilizarse fotografías y videos para la difusión de sus actividades, el participante (en caso de menores de edad, deben autorizar los padres o el tutor) autoriza a que en su nombre, imagen y/o voz puedan ser utilizados por la organización Laboratorio de Letras con fines publicitarios o de naturaleza análoga, de acuerdo con lo dispuesto en la ley.</li>
</ol>



<div class="wp-block-uagb-advanced-heading uagb-block-816d17cf"><h2 class="uagb-heading-text">Prizes</h2></div>



<ul class="wp-block-list">
<li style="padding-right:var(--wp--preset--spacing--30);padding-left:var(--wp--preset--spacing--30)">Primer puesto: Tres millones de pesos y una placa.</li>



<li style="padding-right:var(--wp--preset--spacing--30);padding-left:var(--wp--preset--spacing--30)">Segundo puesto: Dos millones de pesos.</li>



<li style="padding-right:var(--wp--preset--spacing--30);padding-left:var(--wp--preset--spacing--30)">Tercer puesto: Un millon de pesos.</li>
</ul>



<div class="wp-block-uagb-advanced-heading uagb-block-e6c9955f"><h2 class="uagb-heading-text">Acto de Entrega de Premios</h2></div>



<ul class="wp-block-list">
<li style="padding-right:var(--wp--preset--spacing--30);padding-left:var(--wp--preset--spacing--30)">La ceremonia tendrá lugar en el casco urbano del municipio de Belén de Umbría, el día 25 de abril 2025 a las 7:00 pm.</li>



<li style="padding-right:var(--wp--preset--spacing--30);padding-left:var(--wp--preset--spacing--30)">Lugar: <strong>Aula Máxima del Colegio Juan Hurtado</strong> (Atención: NO será en el teatro municipal como previamente mencionado)</li>



<li style="padding-right:var(--wp--preset--spacing--30);padding-left:var(--wp--preset--spacing--30)">El cuento galardonado se leerán durante el acto de entrega de premios.</li>
</ul>



<div class="wp-block-uagb-advanced-heading uagb-block-5b0f6ee4"><h2 class="uagb-heading-text">Evaluación de las obras literarias</h2></div>



<p>A continuación se proponen los criterios que orientarán la evaluación:</p>



<ul class="wp-block-list">
<li>Nombre de la obra.</li>



<li>Modalidad</li>



<li>Configuracion de la obra</li>



<li>Técnica de la obra: Innovación y riqueza del lenguaje.</li>



<li>Calidad de la obra: dominio de la literacidad del lenguaje, coherencia del universo postulado.</li>



<li>Labor intertextual, polifonía de la obra.</li>



<li>Impacto social y cultural de la obra: completa y rigurosa en la presentacion (punto de vista lógico y gramatical).</li>
</ul>

<p>Términos y Condiciones La organización LABORATORIO DE LETRAS, del municipio de Belén de Umbría, Risaralda, Colombia, tiene el gusto de invitar a la comunidad del municipio de Belén de Umbría a participar en el primer Concurso de cuento “CAMALEÓN TRANSPARENTE” 2025. Bases del Concurso Premios Acto de Entrega de Premios Evaluación de las obras literarias [&hellip;]</p>

Términos y Condiciones La organización LABORATORIO DE LETRAS, del municipio de Belén de Umbría, Risaralda, Colombia, tiene el gusto de invitar a la comunidad del municipio de Belén de Umbría a participar en el primer Concurso de cuento “CAMALEÓN TRANSPARENTE” 2025. Bases del Concurso Premios Acto de Entrega de Premios Evaluación de las obras literarias&hellip;
